
3
Let k = -33 + 95. What is the remainder when k is divided by 9?
8
Suppose 3*j + j = 12. Calculate the remainder when 10 is divided by j.
1
Suppose 0*y = 2*y - d - 45, 5*y = d + 111. What is the remainder when 107 is divided by y?
19
Let k = 99 + -70. What is the remainder when 114 is divided by k?
27
Let c be 1 + -1*(-18 - 2). Suppose -4*s + 36 = 4*h, s = -0*h - 4*h + c. What is the remainder when h is divided by 2?
0
Let f(t) = t**3 - t**2 - 4*t + 3. Let i be f(3). Let d = -5 + i. Suppose -d*h + c + 180 = 2*c, -5*c + 72 = 2*h. What is the remainder when h is divided by 16?
14
Let u = -41 + 103. Calculate the remainder when u is divided by 21.
20
Suppose -p + 3*q = -4*p + 114, q - 210 = -5*p. Let u be -9*3*(-1 + 0). Let o = -5 + u. Calculate the remainder when p is divided by o.
21
Suppose 0 = 3*g + 2*o - 45, -o - 3 = 4*g - 58. Calculate the remainder when 24 is divided by g.
11
Suppose -3*n - 4*p + 72 = 0, -5*p = -3*n - n + 65. Let t = n - 12. Calculate the remainder when t is divided by 5*-1*(-1 - 0).
3
Suppose x - 5*k = -k - 54, 5*k = 25. Let z be -2 - -4 - (-49 - 0). Let y = z + x. What is the remainder when y is divided by 9?
8
Let n(g) = 2*g - 7. Suppose -20 = -4*j, -13 = -3*x + j + 12. Calculate the remainder when n(x) is divided by 7.
6
Let y = 14 - 2. Suppose 0 = -8*v - 0*v + 376. What is the remainder when v is divided by y?
11
Let x be (-15)/2*(-2 + 0). What is the remainder when (x/4)/3*28 is divided by 9?
8
Suppose 2*q = 5*q - k - 28, -q - 2*k = -14. Calculate the remainder when 550/14 + (-12)/42 is divided by q.
9
Let m(i) = -i + 2 - 5*i**3 - 3*i - 3*i + 6*i - i**2. Let n(d) = -6*d + 2. Calculate the remainder when m(-2) is divided by n(-2).
12
Let y(j) = 2*j**3 - 2*j**2 - 4*j + 3. Let x = 19 + -5. What is the remainder when y(3) is divided by x?
13
Let m(i) = -i**3 + 4*i**2 + 2*i - 2. Let y(f) = -f**3 + f**2 + 4*f. Let c(w) = -3*w + 3. Let b be c(2). What is the remainder when y(b) is divided by m(3)?
11
What is the remainder when 6/15*5 + 242 is divided by 49?
48
Let m(f) = 14*f + 192. Let u(o) = -5*o - 64. Let z(l) = 4*m(l) + 11*u(l). Suppose 0 = -15*t + 11*t. What is the remainder when z(t) is divided by 22?
20
Let t = -3 + 18. What is the remainder when 53 is divided by t?
8
Calculate the remainder when 39/2 + (-3)/6 is divided by 4.
3
Let a = 2 - 0. What is the remainder when 38 is divided by -2 - (-72)/3 - a?
18
Suppose q + 3*q = -2*d + 4, 3*d + 4*q - 14 = 0. Calculate the remainder when 5/(d/(-4)) + 51 is divided by 10.
9
Let k be -5*(2 + -1 - 2). Suppose -5*h - 123 = -j, -h - 55 = k*j - 592. Suppose 2*b - j = -28. Calculate the remainder when b is divided by 21.
19
Suppose -1 = d - 2*s + 3*s, 0 = -s. Let f be 4/3 + (-2)/(-3). Calculate the remainder when (-159)/(-6) + d/f is divided by 14.
12
Suppose 3*k = -2*s + 16, 3*s = -k - 0*s + 17. Suppose -k*m - 3*w = 2*w - 28, 2*w = -3*m + 20. Calculate the remainder when 9 is divided by m.
1
Suppose 26*g - 171 = 23*g. Suppose -5*r - 2*p = -65, r + 5*p - 50 = -4*r. Calculate the remainder when g is divided by r.
12
Let y be (-6)/(-4)*20/6. Suppose y*n - 2*u = 377, 0 = -u + 3 - 4. Suppose -3*z + n = 2*z. Calculate the remainder when 29 is divided by z.
14
Suppose -5*w + 41 = -4*w. Let f = -18 + w. What is the remainder when f is divided by 9?
5
Let f = 48 + -14. Calculate the remainder when f is divided by 10.
4
Suppose 55 = 9*z + 2*z. What is the remainder when 16 is divided by z?
1
Let x = -3 - -6. Suppose -4*u + 27 = x. What is the remainder when 17 is divided by u?
5
Let l = 126 - 44. Calculate the remainder when l is divided by 21.
19
Let j = -10 + 22. What is the remainder when 35 is divided by j?
11
Let o(m) = m - 5*m - 3 - 3*m. Calculate the remainder when 1064/32 + 1*(-1)/4 is divided by o(-3).
15
Let n(g) = 2*g**2 - g - 3. Suppose u - 3*m + 11 = 26, 5*u + 2*m = 92. What is the remainder when n(7) is divided by u?
16
Let g = 30 + -23. What is the remainder when 39 is divided by g?
4
Let n(p) = -8*p + 3. What is the remainder when n(-1) is divided by 3?
2
Let b = -14 + 28. Suppose 5*z = 20, -2*i - 4*z = -6*i + 4. What is the remainder when b is divided by i?
4
Let y(q) = -q**3 + q**2 - 6*q + 29. Calculate the remainder when 111 is divided by y(0).
24
Let u be 2/(-9) - 1680/(-27). Suppose -2*b + 2 = 6. What is the remainder when (1 - u/4)*b is divided by 10?
9
Suppose -30*t - 42 = -31*t. Calculate the remainder when 124 is divided by t.
40
Let m(p) = 2*p**2 + 7*p. Calculate the remainder when 42 is divided by m(-5).
12
Suppose -5*c + 4*m + 420 = 0, 5*m + 274 + 53 = 4*c. What is the remainder when c is divided by 30?
28
Let b(l) = 59*l**2 + l + 1. Calculate the remainder when b(1) is divided by 16.
13
Suppose -4*m = -3*m - 14. What is the remainder when 41 is divided by m?
13
Let y(g) = -2*g - 6. Let w be y(-4). Suppose w*p - 20 = -3*p. Calculate the remainder when 5 is divided by p.
1
Let y(c) = -27*c - 3. Let i(o) = 1. Let v(m) = -i(m) - y(m). Calculate the remainder when v(2) is divided by 19.
18
Suppose -2*w = -w + 5*b - 31, -16 = -4*b. Suppose -q - 6*x = -x - 5, 4*q + 2*x = 110. What is the remainder when q is divided by w?
8
Let s be ((-2)/5)/(5/(-25)). Calculate the remainder when 18/3 + 1 - s is divided by 3.
2
Suppose 10*g = 15*g - 630. Calculate the remainder when g is divided by 32.
30
Let t = -5 - -5. Suppose t = -6*w + 4*w + 24. Calculate the remainder when 22 is divided by w.
10
Let i(o) = 0 - o**2 + 4*o**2 + 4 - 3 + 2*o. Let s = 30 - -12. Calculate the remainder when s is divided by i(-3).
20
Suppose 3 = -3*g - 0*g, -5*c + 136 = -g. Calculate the remainder when c is divided by 12.
3
Let g be 402/4 + 1/(-2). Suppose 6*r - r - 126 = -w, 4*r + w = g. Calculate the remainder when r is divided by 14.
12
Suppose 2*a - 16 = -0*a. Let h(z) = z**2 + 3*z - 1. Let o be h(-4). Suppose 18 = u + o. Calculate the remainder when u is divided by a.
7
Let x = 30 + -27. Let l = -4 - -8. Calculate the remainder when l is divided by x.
1
Let t = -13 - -8. Let d = t - -113. What is the remainder when d/5 - (-12)/30 is divided by 8?
6
Let u = -4 + 6. Suppose d - 37 = 2*n, 3*d = u*d - 1. Let k = n + 29. What is the remainder when k is divided by 6?
4
Let y = 134 + -119. Calculate the remainder when 58 is divided by y.
13
What is the remainder when 38 is divided by 3*51/9 - -4?
17
Suppose 0 = -4*z + 20, 7*r - z - 20 = 2*r. Calculate the remainder when r is divided by 2.
1
Let w(h) = 3*h - 11. Calculate the remainder when 23 is divided by w(8).
10
Let z(x) = -x**3 - 6*x**2 + 2*x + 6. Let q be z(-5). Let r = q - -66. What is the remainder when r is divided by 10?
7
Suppose 0 = 4*o - o. Suppose o = j - 3 - 2. Suppose -j*b + 88 = 13. Calculate the remainder when 43 is divided by b.
13
Suppose 0 = 3*r - 6 - 36. What is the remainder when 3/(-18) + (-235)/(-6) is divided by r?
11
Let t = -18 + 37. What is the remainder when 110 is divided by t?
15
Let u = 18 + -4. Let x(j) = j**3 + 3*j**2 - j - 3. Let d be x(-3). Suppose 4*c - 19 = -k, k + k + 2*c - 50 = d. Calculate the remainder when k is divided by u.
13
Suppose -9*p - p = -190. Calculate the remainder when 56 is divided by p.
18
Suppose -3*x + 37 = -0*l + 4*l, -2*x - 10 = 0. Suppose -s - 5 = -l. What is the remainder when 31 is divided by s?
7
Let u(h) = h + 11. Let g be u(-9). Let w(i) = i**2 - 2*i + 3. Let s = 16 + -8. What is the remainder when s is divided by w(g)?
2
Let o = -2 + 27. Suppose c + 3*c + 2 = -2*v, -5*v = o. Suppose g = 1 + 1. Calculate the remainder when c is divided by g.
0
Calculate the remainder when (4 - 192)/((-3)/6) is divided by 54.
52
Suppose -4*u - c + 305 = u, 5*u - 5*c = 305. What is the remainder when u is divided by 16?
13
Suppose 0*u + 64 = 4*u. Suppose 5*r - 16 = r, 0 = y + 5*r - 66. Calculate the remainder when y is divided by u.
14
Let k = 52 + -35. Calculate the remainder when 50 is divided by k.
16
Let u(i) = i**2 + 42. What is the remainder when u(0) is divided by 9?
6
Let d = -22 - -40. Suppose 0 = -3*m - 15, -8*m + 3*m = -5*o + 35. Calculate the remainder when d is divided by o*4*(-20)/(-16).
8
Let l(f) = -f**2 - 6*f + 8. Let i(v) = 2*v + 4. Let j be i(-4). Let s(c) = -3*c + 3. Calculate the remainder when s(j) is divided by l(-6).
7
Let s = -2 - 6. Let q be s/12*6/(-4). What is the remain